81 - (-1 - 5).
5
What is -10 + -8 + (8 - (47 + -16 + -9 + -3))?
-29
What is the value of (-557 - -370) + 166 - ((-1 - -4) + 0 + 0)?
-24
What is the value of -1 - 26 - (-10 + 122 - 140)?
1
Calculate 19 + 5 + (4 - 1) + (24 - 29).
22
Calculate -12 - -10 - (4 - (2 - (3 - (8 - 2)))).
-1
Evaluate (120 + 32 - 341) + 137.
-52
What is the value of 23 - (-25 + 88) - (9 - 0)?
-49
Calculate -65 - (-52 - (134 + -112)).
9
What is (-15 - 25) + 4 + -11 + 18?
-29
Evaluate -10 + -96 + 3 + (-2 - -5) + (2 - 3).
-101
What is 0 + (10 + -9 - (1 + -3)) + (-439 - -462)?
26
Calculate -39 + 7 + 28 + (52 - (-3 + (-5 - -11))).
45
What is (14 + -12 - 67) + 3 + 4 + -4 + -4?
-66
Evaluate -41 - ((-86 - -1) + 30) - 43.
-29
-9 + (10 + (-39 - -9) - -57)
28
34 - (-11 - 0 - 17 - -5)
57
-57 + -23 + 56 + -1 + -2
-27
(127 + -131 - (20 - 4)) + 43
23
Calculate -58 + -18 + (0 - -23) - (0 + 3 + -8).
-48
What is the value of 16 + (7 - 21 - -16) + -31?
-13
What is the value of 10 - 101 - -85 - 38?
-44
What is (-8 + 29 + -3 - 41) + 35?
12
Evaluate (6 + (31 - 11) - (26 - 13)) + 8.
21
Evaluate (219 - 172) + -11 + -1 + 48.
83
What is -20 + -62 - (33 + -6 + -7)?
-102
Evaluate (48 - (-213 + 67)) + -81.
113
Calculate -35 + (-120 - -15) + 64.
-76
What is (118 - 132) + (0 + -1 - -26)?
11
Calculate (-44 - -19) + 13 + (57 - 1).
44
What is the value of 1 - (29 - (4 - -3)) - -50?
29
Calculate 2 - -1 - (21 - 1 - (251 + -263)) - 14.
-43
(-68 - (-122 + 62)) + (1 - (3 - -1)) - 52
-63
371 - 337 - (-1 - -14 - -1)
20
Calculate -65 - (-39 + -90) - 64.
0
Calculate 871 - 950 - (4 - 140).
57
What is -47 - ((-141 - -131) + -2 + 4)?
-39
Calculate -38 + (-8 - (-10 - 3 - 9)).
-24
What is (101 - (161 + -41)) + (17 - 1) - (1 - 21)?
17
What is 17 - (2 + 7 + 10 + -26)?
24
-255 - -239 - (-7 - -20)
-29
Evaluate (-58 - -8) + -235 + 194.
-91
Calculate -2 + 3 + (3 + 0 - (23 + -13 - 0)).
-6
(15 - (-5 - (-47 + (14 - 0)))) + 10
-3
What is the value of (35 - -87) + -162 + 43 + 0?
3
Calculate 198 + -215 + 40 + 5.
28
Calculate 44 - (84 - (70 - 83)).
-53
1 + -14 + 14 - -13 - 36 - -2
-20
20 - -1 - (-106 + (93 - 4))
38
Calculate 14 - (5 - (1 + -8 + (-2 - 23) + 35)).
12
Calculate 15 - 107 - -46 - -49.
3
Evaluate ((11 - -23) + -2 - -5) + (1 - (-1 + -7)).
46
Evaluate 107 + (-16 - (97 + -48)).
42
-21 + (8 - ((22 - 2) + (-38 - -8)))
-3
-132 - -173 - (18 - -2)
21
What is 91 - 107 - (-49 + -1)?
34
5 - (-12 - (1 - -7)) - -37
62
What is (42 - -11) + 17 + -67?
3
What is (-3 - (38 - -1)) + 2 + 11 + -21?
-50
What is the value of -22 + 17 + -86 + 14?
-77
Evaluate (37 - (-64 + 25)) + -40.
36
Evaluate -228 + 194 + (47 - 0) - -4.
17
0 + 15 + -177 + 9 + 165
12
What is the value of (-5 + -1 - (-10 - (-8 + 7))) + 5 + -7?
1
What is 103 + -13 - (-135 - -201)?
24
-24 - (-59 - -19 - 19 - 10)
45
What is 6 - (-87 - -60 - (-3 - (-14 + 1)) - -3)?
40
What is the value of -46 + (-30 - -7) + (-11 + 3 - 0)?
-77
What is the value of 1276 + -1396 - (-27 + -2)?
-91
What is (-5 - (62 - 70)) + (1 - 50) + 1?
-45
What is -17 + 13 + (1 + -19 - -22) + -51?
-51
What is the value of 7 + (-28 - -52) + -38?
-7
What is the value of (-1 - -4) + -32 + 18 + 56 + -52 + -9?
-16
Evaluate -58 + 67 + 8 - 9.
8
Calculate -35 + -3 + 80 - 88.
-46
(5 - 4) + -8 + -1 + 66 + -23 + -43
-8
Evaluate 156 - ((-220 - -122) + 211).
43
Calculate 5 + -22 + (-4 + 8 - (1 + -21 - -17)).
-10
Evaluate (366 - 328) + (-1 - 8) - 16.
13
Calculate 0 + -1 + (-1 + 25 + -44 - 51).
-72
Evaluate 49 + -208 + (-4 - -81).
-82
Evaluate (-17 + (3 - -8) - 18) + 63.
39
What is the value of -10 + -2 + (-8 - ((-1 - -17) + -6))?
-30
What is the value of -92 - 13 - (-1 + 5 + 1 + 12)?
-122
What is the value of 36 - (4 + (-72 - -31 - -25 - (1 - 12)))?
37
Calculate 28 + -74 + 51 + -26.
-21
-10 - ((3 - 1) + 3 - (64 + -37 - -48))
60
What is (194 - 203) + ((0 - (3 - 5)) + 2 - 20)?
-25
What is 54 - (6 - -1 - (-30 - -50) - -23)?
44
14 - (28 + -2 + 13 + -16)
-9
Evaluate (-20 + -4 + 38 - -64) + -3.
75
What is 116 + -51 + -3 + (-15 - -16)?
63
Evaluate (-12 - -5) + (-21 - (-43 + 9)).
6
44 + -27 + -13 + 34 + -61
-23
What is the value of 44 + 83 + (-35 - 30)?
62
Calculate 6 + -1 - (-216 - -174) - 19.
28
What is (-1 + -48 - (-40 + 29 + -3)) + 1?
-34
What is -16 + -19 + 26 + -12 - (3 - 48)?
24
Calculate -15 + (17 - (-2 + 8 + 5)) + -26.
-35
0 + 70 + 3286 + -3330
26
Calculate 1 + (4 - -2) + (16 - 14 - -2).
11
Calculate 36 + (-6 - 15) - (9 + 21).
-15
Evaluate ((-5 - 3) + -63 - -7) + (-1 - (9 + -15)).
-59
Calculate (9 + -6 - -4 - 0) + 31 + -1.
37
What is the value of -13 + -1 + 4 - ((-8 - -4) + -89 + 1)?
82
Calculate (1 - -33) + (8 - -15 - 13).
44
What is the value of 1 + 4 - (68 + -84) - (16 - 21)?
26
17 + (-20 - -11) - 31 - -74
51
Calculate (48 - 11) + (7 - -26) + -22.
48
What is the value of 45 + -37 - (39 - -18)?
-49
Calculate (26 + -36 + 8 - (8 - 15)) + 1 + 13.
19
Calculate ((2 - -1) + 32 - (3 - 3)) + 787 + -787.
35
What is the value of -11 + -1 + 21 + -9 + -1 + -12?
-13
(-925 - -906) + (1 - -1) + -7 + 1
-23
Evaluate 12 - (-18 + (-7 - -17) + 22 + 1).
-3
Calculate (-33 - (-29 + -13) - 31) + 106.
84
What is the value of 5 + -12 + 1 - (70 + 46 + -47)?
-75
Evaluate 108 + 69 + -153 + (3 - (0 - 1)).
28
-73 + 8 - (-90 + 114)
-89
Evaluate -35 + (1 - -21) + (-1 - 7) - (-2 - 8).
-11
1 - (33 + -29 - -1 - -71)
-75
Evaluate -1727 + 1644 + 0 + 43.
-40
Evaluate (-54 - -125) + -55 - 34.
-18
Calculate (19 - (28 + 26)) + 0.
-35
(122 - -37 - 60) + -91
8
What is the value of 32 - (63 + -70 + 54)?
-15
What is the value of 66 - (67 + -1) - 34?
-34
-58 - ((-3 - (-4 + 2)) + 16 + -4 + -2)
-67
What is -874 - -893 - (6 + -2 + 5)?
10
Calculate 38 - 37 - (-7 + 12 + 14 + -6).
-12
What is -66 + 8 + (1 + 7 - (-14 - (-14 + 1)))?
-49
78 + 4 - 86 - (-2 - 29)
27
Calculate -71 + (94 - (203 + -117)).
-63
9105 - 9145 - (-42 + 1)
1
-48 + (15 - (-14 - (-4 - 22)))
-45
What is (-3 - (18 + -4)) + (46 + -97 - -39)?
-29
What is (91 - 115) + 30 + 1 - -60?
67
Evaluate (1 - 12) + (148 - 123).
14
What is -31 + -1 + 61 + -46 - 72?
-89
What is (126 - (110 - -55)) + -92?
-131
35 - (-105 - (-263 - -97))
-26
What is the value of -44 + (80 - 8) - (-14 - -16)?
26
Calculate (-18 - (7 - 7 - (15 - (7 + -4)))) + -10.
-16
-22 + (22 - -8) + 3 + -73
-62
Calculate 16 - (37 + (29 - (-16 + -30))).
-96
What is the value of -56 + -699 + 696 + 1 + 0 + 2?
-56
Evaluate (-3 - 16) + -3 + 5 + 5.
-12
What is 5 - (17 + -41 + 110 + -2 + 1 + -1)?
-79
What is the value of 3 + (-11 - -1) + (15 + -2 - (-44 + 119))?
-69
Evaluate -155 - -181 - (-8 + (7 - -7) - -10).
10
-6 - -67 - ((11 - 0) + -8 + -2)
60
-114 + 48 - -79 - (11 + 1)
1
What is the value of 14 + ((-16 - (-21 - -18)) + 10 - (47 - -5))?
-41
What is -74 - (-68 + -16 + 25)?
-15
Calculate -22 - -1 - (-481 + 432) - 4.
24
What is the value of -12 + (23 - (3 + (-20 - -21) + 19))?
-12
What is -16 - -1 - ((0 - 13) + (1003 - 976))?
-29
What is -55 - ((-24 - -32) + 18)?
-81
-226 + (110 - 21) + 54
-83
-21 + 8 + (-19 - 19) + (9 - 2)
-44
(18 - 27) + 37 + -6 - 15
7
What is the value of (-268 - (5 - 112)) + 57?
-104
-9 + (-14 - 38) + 101
40
What is the value of -3 + (-26 - -21) + 2 + 4 + 3 + 10?
11
15 - (0 - -5) - 2 - (5 + 96 + -69)
-24
Evaluate -65 + 218 + (5 - 30) + -8.
120
Evaluate 0 + (3 - (13 - 5)) + (28 - 38).
-15
What is -72 - (162 + (19 - 126))?
-127
What is the value of 3 + 77 + -133 + 132 + (-3 - -2 - -5)?
83
24 + -9 + (11 - 51)
-25
What is (686 - 632) + (2 - 15) + -2?
39
What is -8 - (-22 + ((-6 - -21) + -10 - -3) - 119)?
125
What is the value of -54 + 0 - ((25 - 0) + -5 - 9 - 3)?
-62
Calculate 14 + 21 - -20 - 8.
47
-63 - (-11 - 112) - -9
69
What is the value of 118 + (-131 - 82) + 127?
32
Evaluate (2 - 126 - -42) + 84.
2
Calculate (-28 + 47 - 49) + 48.
18
What is the value of 65 + 3 + -28 + 68 + -23?
85
Evaluate (-48 - -37) + 6 + 1 + 6 + -13 + -84.
-95
Calculate 346 + -246 + (-49 + 2 - -4).
57
Calculate (-3 - (31 + -22)) + 5 + (0 - 4).
-11
What is the value of 48 + -57 + 103 + 22 + -17 + -15?
84
29 + 17 + 10 + (-10 - 0) + -2
44
Calculate 1 + (-3 - -104) + (5765 - 5789).
78
Calculate -65 + 114 + 13 + 37.
99
Calculate 16 + (-32 - (-16 + -9 - -9 - -1)).
-1
Calculate 10 + -24 + 19 - ((0 - -43) + -9).
-29
What is the value of 41 - (-246 + 235 + 65 + 7)?
-20
What is 99 - (-18 - -14 - (15 - (32 - 20)))?
106
Evaluate -83 + -10 + -2 + 7 + (-23 - -28).
-83
Calculate 12 + -1